{"id":1235,"date":"2023-10-19T21:57:27","date_gmt":"2023-10-19T20:57:27","guid":{"rendered":"https:\/\/ma-cabotte.fr\/?page_id=1235"},"modified":"2023-10-19T21:59:44","modified_gmt":"2023-10-19T20:59:44","slug":"qui-sommes-nous","status":"publish","type":"page","link":"https:\/\/ma-cabotte.fr\/?page_id=1235","title":{"rendered":"Qui sommes-nous ?"},"content":{"rendered":"\t\t<div data-elementor-type=\"wp-page\" data-elementor-id=\"1235\" class=\"elementor elementor-1235\">\n\t\t\t\t\t\t<section class=\"elementor-section elementor-top-section elementor-element elementor-element-cbf8179 elementor-section-stretched elementor-section-boxed elementor-section-height-default elementor-section-height-default elementor-invisible\" data-id=\"cbf8179\" data-element_type=\"section\" data-e-type=\"section\" data-settings=\"{&quot;background_background&quot;:&quot;classic&quot;,&quot;stretch_section&quot;:&quot;section-stretched&quot;,&quot;animation&quot;:&quot;fadeInLeft&quot;}\">\n\t\t\t\t\t\t<div class=\"elementor-container elementor-column-gap-default\">\n\t\t\t\t\t<div class=\"elementor-column elementor-col-100 elementor-top-column elementor-element elementor-element-fb4bf60\" data-id=\"fb4bf60\" data-element_type=\"column\" data-e-type=\"column\">\n\t\t\t<div class=\"elementor-widget-wrap elementor-element-populated\">\n\t\t\t\t\t\t<div class=\"elementor-element elementor-element-6a4f86b elementor-widget elementor-widget-spacer\" data-id=\"6a4f86b\" data-element_type=\"widget\" data-e-type=\"widget\" data-widget_type=\"spacer.default\">\n\t\t\t\t<div class=\"elementor-widget-container\">\n\t\t\t\t\t\t\t<div class=\"elementor-spacer\">\n\t\t\t<div class=\"elementor-spacer-inner\"><\/div>\n\t\t<\/div>\n\t\t\t\t\t\t<\/div>\n\t\t\t\t<\/div>\n\t\t\t\t<div class=\"elementor-element elementor-element-d25dae8 elementor-widget__width-initial elementor-widget elementor-widget-heading\" data-id=\"d25dae8\" data-element_type=\"widget\" data-e-type=\"widget\" data-widget_type=\"heading.default\">\n\t\t\t\t<div class=\"elementor-widget-container\">\n\t\t\t\t\t<h2 class=\"elementor-heading-title elementor-size-default\">Qui sommes-nous ?<\/h2>\t\t\t\t<\/div>\n\t\t\t\t<\/div>\n\t\t\t\t<div class=\"elementor-element elementor-element-0bee5f0 elementor-widget elementor-widget-text-editor\" data-id=\"0bee5f0\" data-element_type=\"widget\" data-e-type=\"widget\" data-widget_type=\"text-editor.default\">\n\t\t\t\t<div class=\"elementor-widget-container\">\n\t\t\t\t\t\t\t\t\t<p><i>Qui se cache derri\u00e8re ma Cabotte ? <\/i><\/p>\t\t\t\t\t\t\t\t<\/div>\n\t\t\t\t<\/div>\n\t\t\t\t\t<\/div>\n\t\t<\/div>\n\t\t\t\t\t<\/div>\n\t\t<\/section>\n\t\t\t\t<section class=\"elementor-section elementor-top-section elementor-element elementor-element-21d4e5d elementor-section-stretched elementor-section-boxed elementor-section-height-default elementor-section-height-default\" data-id=\"21d4e5d\" data-element_type=\"section\" data-e-type=\"section\" data-settings=\"{&quot;background_background&quot;:&quot;classic&quot;,&quot;stretch_section&quot;:&quot;section-stretched&quot;}\">\n\t\t\t\t\t\t<div class=\"elementor-container elementor-column-gap-default\">\n\t\t\t\t\t<div class=\"elementor-column elementor-col-50 elementor-top-column elementor-element elementor-element-511b9d6\" data-id=\"511b9d6\" data-element_type=\"column\" data-e-type=\"column\">\n\t\t\t<div class=\"elementor-widget-wrap elementor-element-populated\">\n\t\t\t\t\t\t<div class=\"elementor-element elementor-element-04a250e elementor-widget elementor-widget-spacer\" data-id=\"04a250e\" data-element_type=\"widget\" data-e-type=\"widget\" data-widget_type=\"spacer.default\">\n\t\t\t\t<div class=\"elementor-widget-container\">\n\t\t\t\t\t\t\t<div class=\"elementor-spacer\">\n\t\t\t<div class=\"elementor-spacer-inner\"><\/div>\n\t\t<\/div>\n\t\t\t\t\t\t<\/div>\n\t\t\t\t<\/div>\n\t\t\t\t<div class=\"elementor-element elementor-element-7c92865 elementor-widget__width-initial elementor-widget elementor-widget-text-editor\" data-id=\"7c92865\" data-element_type=\"widget\" data-e-type=\"widget\" data-widget_type=\"text-editor.default\">\n\t\t\t\t<div class=\"elementor-widget-container\">\n\t\t\t\t\t\t\t\t\t<div><p>Je m&rsquo;appelle\u00a0<span class=\"il\">Fanny<\/span>, je suis\u00a0moi-<b>m\u00eame\u00a0investisseur immobilier<\/b> et quand j&rsquo;ai voulu confier la gestion de mes appartements je n&rsquo;ai pas trouv\u00e9 ce dont j&rsquo;avais besoin pour assurer une bonne rentabilit\u00e9 tout en me lib\u00e9rant du temps.<\/p><\/div><div><p>J&rsquo;ai donc <b>commenc\u00e9 \u00e0 g\u00e9rer\u00a0mes biens en courte dur\u00e9e par moi-m\u00eame.<\/b><\/p><\/div><div><p>J&rsquo;ai par ailleurs travaill\u00e9\u00a0pendant<b> 10 ans en contr\u00f4le de gestion \u00e0 co-piloter la rentabilit\u00e9 des entreprises <\/b>et ces derni\u00e8res ann\u00e9es, j&rsquo;ai migr\u00e9 vers la transformation digitale de la finance d&rsquo;entreprise.<\/p><\/div><div>La Conciergerie digitale est finalement le r\u00e9sultat\u00a0de ces deux exp\u00e9riences !\u00a0<\/div><div><p>J&rsquo;ai aujourd&rsquo;hui avec<b> moi des professionnels exp\u00e9riment\u00e9s travaillant depuis de nombreuses ann\u00e9es dans le monde de la conciergerie.<\/b><\/p><\/div><div>Notre motivation\u00a0est de simplifier la location en courte dur\u00e9e pour les investisseurs immobiliers tout en assurant un service de qualit\u00e9 !<\/div>\t\t\t\t\t\t\t\t<\/div>\n\t\t\t\t<\/div>\n\t\t\t\t<div class=\"elementor-element elementor-element-697ce42 elementor-widget__width-initial elementor-widget elementor-widget-spacer\" data-id=\"697ce42\" data-element_type=\"widget\" data-e-type=\"widget\" data-widget_type=\"spacer.default\">\n\t\t\t\t<div class=\"elementor-widget-container\">\n\t\t\t\t\t\t\t<div class=\"elementor-spacer\">\n\t\t\t<div class=\"elementor-spacer-inner\"><\/div>\n\t\t<\/div>\n\t\t\t\t\t\t<\/div>\n\t\t\t\t<\/div>\n\t\t\t\t<div class=\"elementor-element elementor-element-61f5bce elementor-align-left elementor-tablet-align-right elementor-mobile-align-center elementor-button-info elementor-invisible elementor-widget elementor-widget-button\" data-id=\"61f5bce\" data-element_type=\"widget\" data-e-type=\"widget\" data-settings=\"{&quot;_animation&quot;:&quot;fadeIn&quot;}\" data-widget_type=\"button.default\">\n\t\t\t\t<div class=\"elementor-widget-container\">\n\t\t\t\t\t\t\t\t\t<div class=\"elementor-button-wrapper\">\n\t\t\t\t\t<a class=\"elementor-button elementor-button-link elementor-size-md\" href=\"https:\/\/ma-cabotte.fr\/?page_id=958\">\n\t\t\t\t\t\t<span class=\"elementor-button-content-wrapper\">\n\t\t\t\t\t\t<span class=\"elementor-button-icon\">\n\t\t\t\t\t\t\t<\/span>\n\t\t\t\t\t\t\t\t\t<span class=\"elementor-button-text\">Contactez nous<\/span>\n\t\t\t\t\t<\/span>\n\t\t\t\t\t<\/a>\n\t\t\t\t<\/div>\n\t\t\t\t\t\t\t\t<\/div>\n\t\t\t\t<\/div>\n\t\t\t\t<div class=\"elementor-element elementor-element-37cdd47 elementor-widget__width-initial elementor-widget elementor-widget-spacer\" data-id=\"37cdd47\" data-element_type=\"widget\" data-e-type=\"widget\" data-widget_type=\"spacer.default\">\n\t\t\t\t<div class=\"elementor-widget-container\">\n\t\t\t\t\t\t\t<div class=\"elementor-spacer\">\n\t\t\t<div class=\"elementor-spacer-inner\"><\/div>\n\t\t<\/div>\n\t\t\t\t\t\t<\/div>\n\t\t\t\t<\/div>\n\t\t\t\t\t<\/div>\n\t\t<\/div>\n\t\t\t\t<div class=\"elementor-column elementor-col-50 elementor-top-column elementor-element elementor-element-7154c44\" data-id=\"7154c44\" data-element_type=\"column\" data-e-type=\"column\" data-settings=\"{&quot;background_background&quot;:&quot;classic&quot;}\">\n\t\t\t<div class=\"elementor-widget-wrap elementor-element-populated\">\n\t\t\t\t\t<div class=\"elementor-background-overlay\"><\/div>\n\t\t\t\t\t\t<div class=\"elementor-element elementor-element-31097ce elementor-widget elementor-widget-image\" data-id=\"31097ce\" data-element_type=\"widget\" data-e-type=\"widget\" data-widget_type=\"image.default\">\n\t\t\t\t<div class=\"elementor-widget-container\">\n\t\t\t\t\t\t\t\t\t\t\t\t\t\t\t<img fetchpriority=\"high\" decoding=\"async\" width=\"683\" height=\"1024\" src=\"https:\/\/i0.wp.com\/ma-cabotte.fr\/wp-content\/uploads\/2023\/10\/pexels-mikhail-nilov-8296981-scaled.jpg?fit=683%2C1024&amp;ssl=1\" class=\"attachment-large size-large wp-image-1234\" alt=\"\" srcset=\"https:\/\/i0.wp.com\/ma-cabotte.fr\/wp-content\/uploads\/2023\/10\/pexels-mikhail-nilov-8296981-scaled.jpg?w=1707&amp;ssl=1 1707w, https:\/\/i0.wp.com\/ma-cabotte.fr\/wp-content\/uploads\/2023\/10\/pexels-mikhail-nilov-8296981-scaled.jpg?resize=200%2C300&amp;ssl=1 200w, https:\/\/i0.wp.com\/ma-cabotte.fr\/wp-content\/uploads\/2023\/10\/pexels-mikhail-nilov-8296981-scaled.jpg?resize=683%2C1024&amp;ssl=1 683w, https:\/\/i0.wp.com\/ma-cabotte.fr\/wp-content\/uploads\/2023\/10\/pexels-mikhail-nilov-8296981-scaled.jpg?resize=768%2C1152&amp;ssl=1 768w, https:\/\/i0.wp.com\/ma-cabotte.fr\/wp-content\/uploads\/2023\/10\/pexels-mikhail-nilov-8296981-scaled.jpg?resize=1024%2C1536&amp;ssl=1 1024w, https:\/\/i0.wp.com\/ma-cabotte.fr\/wp-content\/uploads\/2023\/10\/pexels-mikhail-nilov-8296981-scaled.jpg?resize=1365%2C2048&amp;ssl=1 1365w, https:\/\/i0.wp.com\/ma-cabotte.fr\/wp-content\/uploads\/2023\/10\/pexels-mikhail-nilov-8296981-scaled.jpg?w=1600&amp;ssl=1 1600w\" sizes=\"(max-width: 683px) 100vw, 683px\" \/>\t\t\t\t\t\t\t\t\t\t\t\t\t\t\t<\/div>\n\t\t\t\t<\/div>\n\t\t\t\t\t<\/div>\n\t\t<\/div>\n\t\t\t\t\t<\/div>\n\t\t<\/section>\n\t\t\t\t<section class=\"elementor-section elementor-top-section elementor-element elementor-element-cf86026 elementor-section-boxed elementor-section-height-default elementor-section-height-default elementor-invisible\" data-id=\"cf86026\" data-element_type=\"section\" data-e-type=\"section\" data-settings=\"{&quot;background_background&quot;:&quot;classic&quot;,&quot;animation&quot;:&quot;fadeInRight&quot;}\">\n\t\t\t\t\t\t<div class=\"elementor-container elementor-column-gap-default\">\n\t\t\t\t\t<div class=\"elementor-column elementor-col-100 elementor-top-column elementor-element elementor-element-2164a67\" data-id=\"2164a67\" data-element_type=\"column\" data-e-type=\"column\">\n\t\t\t<div class=\"elementor-widget-wrap elementor-element-populated\">\n\t\t\t\t\t\t<div class=\"elementor-element elementor-element-2651c79 elementor-widget elementor-widget-spacer\" data-id=\"2651c79\" data-element_type=\"widget\" data-e-type=\"widget\" data-widget_type=\"spacer.default\">\n\t\t\t\t<div class=\"elementor-widget-container\">\n\t\t\t\t\t\t\t<div class=\"elementor-spacer\">\n\t\t\t<div class=\"elementor-spacer-inner\"><\/div>\n\t\t<\/div>\n\t\t\t\t\t\t<\/div>\n\t\t\t\t<\/div>\n\t\t\t\t<div class=\"elementor-element elementor-element-35e4f86 elementor-widget__width-initial elementor-widget elementor-widget-heading\" data-id=\"35e4f86\" data-element_type=\"widget\" data-e-type=\"widget\" data-widget_type=\"heading.default\">\n\t\t\t\t<div class=\"elementor-widget-container\">\n\t\t\t\t\t<h2 class=\"elementor-heading-title elementor-size-default\">La r\u00e9volution de la Conciergerie Digitale.<\/h2>\t\t\t\t<\/div>\n\t\t\t\t<\/div>\n\t\t\t\t<div class=\"elementor-element elementor-element-903eef0 elementor-widget elementor-widget-text-editor\" data-id=\"903eef0\" data-element_type=\"widget\" data-e-type=\"widget\" data-widget_type=\"text-editor.default\">\n\t\t\t\t<div class=\"elementor-widget-container\">\n\t\t\t\t\t\t\t\t\t<p><i>D\u00e9couvrez (enfin) une vraie alternative \u00e0 la conciergerie traditionnelle et AirBnb.<\/i><\/p>\t\t\t\t\t\t\t\t<\/div>\n\t\t\t\t<\/div>\n\t\t\t\t\t<\/div>\n\t\t<\/div>\n\t\t\t\t\t<\/div>\n\t\t<\/section>\n\t\t\t\t<section class=\"elementor-section elementor-top-section elementor-element elementor-element-0b93c18 elementor-section-stretched elementor-section-boxed elementor-section-height-default elementor-section-height-default\" data-id=\"0b93c18\" data-element_type=\"section\" data-e-type=\"section\" data-settings=\"{&quot;background_background&quot;:&quot;classic&quot;,&quot;stretch_section&quot;:&quot;section-stretched&quot;}\">\n\t\t\t\t\t\t<div class=\"elementor-container elementor-column-gap-default\">\n\t\t\t\t\t<div class=\"elementor-column elementor-col-50 elementor-top-column elementor-element elementor-element-65e16a1\" data-id=\"65e16a1\" data-element_type=\"column\" data-e-type=\"column\">\n\t\t\t<div class=\"elementor-widget-wrap elementor-element-populated\">\n\t\t\t\t\t\t<div class=\"elementor-element elementor-element-dd57a36 elementor-widget__width-initial elementor-widget elementor-widget-text-editor\" data-id=\"dd57a36\" data-element_type=\"widget\" data-e-type=\"widget\" data-widget_type=\"text-editor.default\">\n\t\t\t\t<div class=\"elementor-widget-container\">\n\t\t\t\t\t\t\t\t\t<div>C&rsquo;est une <b>conciergerie 100% en ligne<\/b> qui g\u00e8re votre logement\u00a0de A \u00e0 Z et plus particuli\u00e8rement <br \/>:<\/div><ul><li><b>Relation avec les voyageur<\/b>s avant \/ pendant \/ apr\u00e8s le sejour<\/li><li><b>Remise des cl\u00e9s<\/b> via une bo\u00eete \u00e0 cl\u00e9s<\/li><li><b>Optimisation des prix et du remplissage<\/b><\/li><li><b>Planning m\u00e9nage<\/b><\/li><li><b>Relation avec les plateformes<\/b> (Airbnb, booking etc)<\/li><li><b>Le r\u00e9glementaire<\/b> (taxe de sejour, d\u00e9clarations&#8230;)<\/li><li><b>La pr\u00e9vention et le traitement des \u00e9ventuels litiges avec voyageurs<br \/><br \/><\/b><\/li><\/ul><div>Tout cela en ligne et <b>pour commision r\u00e9duite \u00e0 15%<\/b><\/div>\t\t\t\t\t\t\t\t<\/div>\n\t\t\t\t<\/div>\n\t\t\t\t<div class=\"elementor-element elementor-element-2aa2892 elementor-widget__width-initial elementor-widget elementor-widget-spacer\" data-id=\"2aa2892\" data-element_type=\"widget\" data-e-type=\"widget\" data-widget_type=\"spacer.default\">\n\t\t\t\t<div class=\"elementor-widget-container\">\n\t\t\t\t\t\t\t<div class=\"elementor-spacer\">\n\t\t\t<div class=\"elementor-spacer-inner\"><\/div>\n\t\t<\/div>\n\t\t\t\t\t\t<\/div>\n\t\t\t\t<\/div>\n\t\t\t\t<div class=\"elementor-element elementor-element-06a9cfe elementor-widget__width-initial elementor-widget elementor-widget-spacer\" data-id=\"06a9cfe\" data-element_type=\"widget\" data-e-type=\"widget\" data-widget_type=\"spacer.default\">\n\t\t\t\t<div class=\"elementor-widget-container\">\n\t\t\t\t\t\t\t<div class=\"elementor-spacer\">\n\t\t\t<div class=\"elementor-spacer-inner\"><\/div>\n\t\t<\/div>\n\t\t\t\t\t\t<\/div>\n\t\t\t\t<\/div>\n\t\t\t\t\t<\/div>\n\t\t<\/div>\n\t\t\t\t<div class=\"elementor-column elementor-col-50 elementor-top-column elementor-element elementor-element-d72edbf\" data-id=\"d72edbf\" data-element_type=\"column\" data-e-type=\"column\" data-settings=\"{&quot;background_background&quot;:&quot;classic&quot;}\">\n\t\t\t<div class=\"elementor-widget-wrap elementor-element-populated\">\n\t\t\t\t\t<div class=\"elementor-background-overlay\"><\/div>\n\t\t\t\t\t\t<div class=\"elementor-element elementor-element-fd5c0a5 elementor-widget elementor-widget-image\" data-id=\"fd5c0a5\" data-element_type=\"widget\" data-e-type=\"widget\" data-widget_type=\"image.default\">\n\t\t\t\t<div class=\"elementor-widget-container\">\n\t\t\t\t\t\t\t\t\t\t\t\t\t\t\t<img decoding=\"async\" width=\"800\" height=\"534\" src=\"https:\/\/i0.wp.com\/ma-cabotte.fr\/wp-content\/uploads\/2023\/10\/pexels-rdne-stock-project-8293700-scaled.jpg?fit=800%2C534&amp;ssl=1\" class=\"attachment-large size-large wp-image-1151\" alt=\"\" srcset=\"https:\/\/i0.wp.com\/ma-cabotte.fr\/wp-content\/uploads\/2023\/10\/pexels-rdne-stock-project-8293700-scaled.jpg?w=2560&amp;ssl=1 2560w, https:\/\/i0.wp.com\/ma-cabotte.fr\/wp-content\/uploads\/2023\/10\/pexels-rdne-stock-project-8293700-scaled.jpg?resize=300%2C200&amp;ssl=1 300w, https:\/\/i0.wp.com\/ma-cabotte.fr\/wp-content\/uploads\/2023\/10\/pexels-rdne-stock-project-8293700-scaled.jpg?resize=1024%2C683&amp;ssl=1 1024w, https:\/\/i0.wp.com\/ma-cabotte.fr\/wp-content\/uploads\/2023\/10\/pexels-rdne-stock-project-8293700-scaled.jpg?resize=768%2C512&amp;ssl=1 768w, https:\/\/i0.wp.com\/ma-cabotte.fr\/wp-content\/uploads\/2023\/10\/pexels-rdne-stock-project-8293700-scaled.jpg?resize=1536%2C1024&amp;ssl=1 1536w, https:\/\/i0.wp.com\/ma-cabotte.fr\/wp-content\/uploads\/2023\/10\/pexels-rdne-stock-project-8293700-scaled.jpg?resize=2048%2C1365&amp;ssl=1 2048w, https:\/\/i0.wp.com\/ma-cabotte.fr\/wp-content\/uploads\/2023\/10\/pexels-rdne-stock-project-8293700-scaled.jpg?w=1600&amp;ssl=1 1600w, https:\/\/i0.wp.com\/ma-cabotte.fr\/wp-content\/uploads\/2023\/10\/pexels-rdne-stock-project-8293700-scaled.jpg?w=2400&amp;ssl=1 2400w\" sizes=\"(max-width: 800px) 100vw, 800px\" \/>\t\t\t\t\t\t\t\t\t\t\t\t\t\t\t<\/div>\n\t\t\t\t<\/div>\n\t\t\t\t\t<\/div>\n\t\t<\/div>\n\t\t\t\t\t<\/div>\n\t\t<\/section>\n\t\t\t\t<\/div>\n\t\t","protected":false},"excerpt":{"rendered":"<p>Qui sommes-nous ? Qui se cache derri\u00e8re ma Cabotte ? Je m&rsquo;appelle\u00a0Fanny, je suis\u00a0moi-m\u00eame\u00a0investisseur immobilier et quand j&rsquo;ai voulu confier la gestion de mes appartements je n&rsquo;ai pas trouv\u00e9 ce dont j&rsquo;avais besoin pour assurer une bonne rentabilit\u00e9 tout en me lib\u00e9rant du temps. J&rsquo;ai donc commenc\u00e9 \u00e0 g\u00e9rer\u00a0mes biens en courte dur\u00e9e par moi-m\u00eame. [&hellip;]<\/p>\n","protected":false},"author":1,"featured_media":0,"parent":0,"menu_order":0,"comment_status":"closed","ping_status":"closed","template":"","meta":{"om_disable_all_campaigns":false,"_monsterinsights_skip_tracking":false,"_monsterinsights_sitenote_active":false,"_monsterinsights_sitenote_note":"","_monsterinsights_sitenote_category":0,"footnotes":""},"class_list":["post-1235","page","type-page","status-publish","hentry"],"aioseo_notices":[],"jetpack_sharing_enabled":true,"_links":{"self":[{"href":"https:\/\/ma-cabotte.fr\/index.php?rest_route=\/wp\/v2\/pages\/1235","targetHints":{"allow":["GET"]}}],"collection":[{"href":"https:\/\/ma-cabotte.fr\/index.php?rest_route=\/wp\/v2\/pages"}],"about":[{"href":"https:\/\/ma-cabotte.fr\/index.php?rest_route=\/wp\/v2\/types\/page"}],"author":[{"embeddable":true,"href":"https:\/\/ma-cabotte.fr\/index.php?rest_route=\/wp\/v2\/users\/1"}],"replies":[{"embeddable":true,"href":"https:\/\/ma-cabotte.fr\/index.php?rest_route=%2Fwp%2Fv2%2Fcomments&post=1235"}],"version-history":[{"count":7,"href":"https:\/\/ma-cabotte.fr\/index.php?rest_route=\/wp\/v2\/pages\/1235\/revisions"}],"predecessor-version":[{"id":1273,"href":"https:\/\/ma-cabotte.fr\/index.php?rest_route=\/wp\/v2\/pages\/1235\/revisions\/1273"}],"wp:attachment":[{"href":"https:\/\/ma-cabotte.fr\/index.php?rest_route=%2Fwp%2Fv2%2Fmedia&parent=1235"}],"curies":[{"name":"wp","href":"https:\/\/api.w.org\/{rel}","templated":true}]}}